{"id":435,"date":"2019-03-15T09:08:59","date_gmt":"2019-03-15T08:08:59","guid":{"rendered":"https:\/\/fwfe.de\/wordpress\/?page_id=435"},"modified":"2024-08-15T12:03:14","modified_gmt":"2024-08-15T11:03:14","slug":"schoellbronn","status":"publish","type":"page","link":"https:\/\/fwfe.de\/wordpress\/schoellbronn\/","title":{"rendered":"Sch\u00f6llbronn"},"content":{"rendered":"\n<h3 class=\"wp-block-heading\">Stadtteil Sch\u00f6llbronn<\/h3>\n\n\n\n<p class=\"wp-block-paragraph\">Sch\u00f6llbronn steht vor vielf\u00e4ltigen Herausforderungen, die kreatives Handeln<br>erfordern. Die Bewahrung lokaler Traditionen und Identit\u00e4t ist wichtig, w\u00e4hrend<br>gleichzeitig auf Entwicklungen wie die Schlie\u00dfung von Gesch\u00e4ften und Banken<br>reagiert werden muss.<br>Zentrale Aufgaben sind die Sicherstellung von Rettungsdiensten sowie die<br>Instandhaltung von Schulen und Kindertagesst\u00e4tten, um die Lebensqualit\u00e4t zu<br>erh\u00f6hen und Familien anzuziehen. Wichtige Projekte sind die Schulerweiterung,<br>die PV-Anlage &#8222;Am Dorfbach&#8220;, der Ausbau des Gasfasernetzes und der Neubau<br>der Feuerwehr &#8222;L\u00f6schzug H\u00f6he&#8220;.<br>Die Zusammenarbeit von Ortschaftsr\u00e4ten und Vereinen st\u00e4rkt die Gemeinde<br>und setzt neue Impulse. Aktive B\u00fcrgerbeteiligung ist entscheidend, um<br>Bed\u00fcrfnisse zu erkennen und Dialogformate zu schaffen, die Mitbestimmung<br>f\u00f6rdern. Gemeinsam k\u00f6nnen wir positive Ver\u00e4nderungen einleiten und ein<br>starkes Gemeinschaftsgef\u00fchl entwickeln. Wir laden Sie ein, sich zu beteiligen!<\/p>\n\n\n\n<h5 class=\"wp-block-heading\">Ihre <span style=\"color: #0000ff;\">fw<\/span><span style=\"color: #ff6600;\">fe<\/span> Ortschaftsr\u00e4te<\/h5>\n\n\n<div class=\"wp-block-image\">\n<figure class=\"alignleft size-full is-resized\"><img loading=\"lazy\" decoding=\"async\" width=\"353\" height=\"492\" src=\"https:\/\/fwfe.de\/wordpress\/wp-content\/uploads\/2024\/08\/Ralf-Biehl.png\" alt=\"\" class=\"wp-image-1747\" style=\"width:180px\" srcset=\"https:\/\/fwfe.de\/wordpress\/wp-content\/uploads\/2024\/08\/Ralf-Biehl.png 353w, https:\/\/fwfe.de\/wordpress\/wp-content\/uploads\/2024\/08\/Ralf-Biehl-215x300.png 215w\" sizes=\"auto, (max-width: 353px) 100vw, 353px\" \/><\/figure>\n<\/div>\n\n\n<p class=\"wp-block-paragraph\"><br>Ralf Biehl &#8211; Diplom Ingenieur f\u00fcr Versorgungstechnik<br><br><em>\u201eEttlingen und seine Ortsteile das hei\u00dft\u201c:<br>Hohe Lebensqualit\u00e4t, sch\u00f6ne Landschaften und wohnortnahe Arbeitspl\u00e4tze. Ich stehe f\u00fcr nat\u00fcrliche Lebensr\u00e4ume, bezahlbaren Wohnraum und die notwendige Infrastruktur f\u00fcr ein selbstbestimmtes Leben.<\/em><\/p>\n\n\n\n<p class=\"wp-block-paragraph\"><br><\/p>\n\n\n\n<div style=\"height:10px\" aria-hidden=\"true\" class=\"wp-block-spacer\"><\/div>\n\n\n<div class=\"wp-block-image\">\n<figure class=\"alignleft size-full is-resized\"><img loading=\"lazy\" decoding=\"async\" width=\"354\" height=\"494\" src=\"https:\/\/fwfe.de\/wordpress\/wp-content\/uploads\/2024\/08\/Fabrizio-Pennella.png\" alt=\"\" class=\"wp-image-1742\" style=\"width:180px\" srcset=\"https:\/\/fwfe.de\/wordpress\/wp-content\/uploads\/2024\/08\/Fabrizio-Pennella.png 354w, https:\/\/fwfe.de\/wordpress\/wp-content\/uploads\/2024\/08\/Fabrizio-Pennella-215x300.png 215w\" sizes=\"auto, (max-width: 354px) 100vw, 354px\" \/><\/figure>\n<\/div>\n\n\n<p class=\"wp-block-paragraph\"><br>Fabrizio Pennella &#8211; Diplom Wirtschaftsingenieur<\/p>\n\n\n\n<p class=\"wp-block-paragraph\"><em>Als Ortschaftsrat in Sch\u00f6llbronn liegt mir das Wohl unseres Ortsteils besonders am Herzen. Mein Ziel ist es, das Leben hier aktiv mitzugestalten und gleichzeitig dazu beizutragen, dass unser Ortsteil weiter w\u00e4chst und gedeiht. Durch meine T\u00e4tigkeit bei FE habe ich die M\u00f6glichkeit, die Interessen unseres Ortsteils zu vertreten und gleichzeitig die Entwicklung der gesamten gro\u00dfen Kreisstadt Ettlingen voranzutreiben. Mit einem starken Stadtmarketing wollen wir noch mehr Menschen f\u00fcr unsere lebendige Stadt und ihre vielseitigen Ortsteile begeistern. Besonders am Herzen liegen mir Investitionen in die Jugend und die Digitalisierung \u2013 beides ist entscheidend f\u00fcr eine nachhaltige Zukunft f\u00fcr alle Generationen.<\/em><\/p>\n\n\n\n<div style=\"height:10px\" aria-hidden=\"true\" class=\"wp-block-spacer\"><\/div>\n\n\n\n<p class=\"wp-block-paragraph\"><a href=\"https:\/\/fwfe.de\/wordpress\/?page_id=105\">&lt;&lt; zur\u00fcck<\/a><\/p>\n\n\n\n<p class=\"wp-block-paragraph\"><\/p>\n","protected":false},"excerpt":{"rendered":"<p>Stadtteil Sch\u00f6llbronn Sch\u00f6llbronn steht vor vielf\u00e4ltigen Herausforderungen, die kreatives Handelnerfordern. Die Bewahrung lokaler Traditionen und Identit\u00e4t ist wichtig, w\u00e4hrendgleichzeitig auf Entwicklungen wie die Schlie\u00dfung von Gesch\u00e4ften und Bankenreagiert werden muss.Zentrale Aufgaben sind die Sicherstellung von Rettungsdiensten sowie dieInstandhaltung von Schulen und Kindertagesst\u00e4tten, um die Lebensqualit\u00e4t zuerh\u00f6hen und Familien anzuziehen. Wichtige Projekte sind die Schulerweiterung,die PV-Anlage [&hellip;]<\/p>\n","protected":false},"author":1,"featured_media":0,"parent":0,"menu_order":0,"comment_status":"closed","ping_status":"closed","template":"","meta":{"_crdt_document":"","footnotes":""},"class_list":["post-435","page","type-page","status-publish","hentry","missing-thumbnail"],"_links":{"self":[{"href":"https:\/\/fwfe.de\/wordpress\/wp-json\/wp\/v2\/pages\/435","targetHints":{"allow":["GET"]}}],"collection":[{"href":"https:\/\/fwfe.de\/wordpress\/wp-json\/wp\/v2\/pages"}],"about":[{"href":"https:\/\/fwfe.de\/wordpress\/wp-json\/wp\/v2\/types\/page"}],"author":[{"embeddable":true,"href":"https:\/\/fwfe.de\/wordpress\/wp-json\/wp\/v2\/users\/1"}],"replies":[{"embeddable":true,"href":"https:\/\/fwfe.de\/wordpress\/wp-json\/wp\/v2\/comments?post=435"}],"version-history":[{"count":24,"href":"https:\/\/fwfe.de\/wordpress\/wp-json\/wp\/v2\/pages\/435\/revisions"}],"predecessor-version":[{"id":1833,"href":"https:\/\/fwfe.de\/wordpress\/wp-json\/wp\/v2\/pages\/435\/revisions\/1833"}],"wp:attachment":[{"href":"https:\/\/fwfe.de\/wordpress\/wp-json\/wp\/v2\/media?parent=435"}],"curies":[{"name":"wp","href":"https:\/\/api.w.org\/{rel}","templated":true}]}}