{"id":433,"date":"2019-03-15T09:08:50","date_gmt":"2019-03-15T08:08:50","guid":{"rendered":"https:\/\/fwfe.de\/wordpress\/?page_id=433"},"modified":"2024-08-10T14:40:03","modified_gmt":"2024-08-10T13:40:03","slug":"ettlingenweiher","status":"publish","type":"page","link":"https:\/\/fwfe.de\/wordpress\/ettlingenweiher\/","title":{"rendered":"Ettlingenweier"},"content":{"rendered":"\n<h3 class=\"wp-block-heading\">Stadtteil Ettlingenweier<\/h3>\n\n\n\n<p class=\"wp-block-paragraph\">Die Schaffung von Wohnungen ist eines unserer Ziele.<\/p>\n\n\n\n<p class=\"wp-block-paragraph\">Zur Gewinnung zus\u00e4tzlichen Wohnraums kann eine St\u00e4dtebauf\u00f6rderungsma\u00dfnahme im Ortskern einen wesentlichen Beitrag leisten. Ungenutzter Wohnraum kann mit Unterst\u00fctzung durch staatliche F\u00f6rderung wiederhergestellt werden. St\u00e4dtebauf\u00f6rderung kann auch zur Sanierung und Verbesserung von Infrastruktur, wie Geh- und Radwegen oder der Schaffung von Einkaufsm\u00f6glichkeiten verwendet werden.<br>Wir fordern daher die Aufnahme von vorbereitenden Untersuchungen zur Ausweisung eines Sanierungsgebiets im Ortskern.<\/p>\n\n\n\n<p class=\"wp-block-paragraph\">Wir sind f\u00fcr eine ma\u00dfvolle Entwicklung von Neubaugebieten.<br>Einer Aufstellung von Bebauungspl\u00e4nen f\u00fcr die Gebiete Lehen und Kernrain stimmen wir daher zu.<br>Nicht einverstanden sind wir mit einer Bebauung der Fl\u00e4che \u201eAuf`s Weilig\u201c. In diesem Gebiet bestehen zwei Biotope nach Naturschutzgesetz \u00a733, au\u00dferdem besteht auf der 5,4 ha gro\u00dfen Fl\u00e4che eine gesch\u00fctzte Flachland-M\u00e4hwiese. Nur etwa 14 % der Fl\u00e4che \u201eAuf\u2019s Weilig\u201c ist im Eigentum der Stadt. Daher sind stadtplanerische Ziele zur F\u00f6rderung von Familien kaum m\u00f6glich. Aufgrund der zu erwartenden hohen Baulandpreise werden sich somit nur wenige Familien ansiedeln k\u00f6nnen.<\/p>\n\n\n\n<p class=\"wp-block-paragraph\">Die Verbindung von Oberweier \u00fcber Ettlingenweier nach Ettlingen sollte f\u00fcr Radfahrer verbessert werden. Besonders verbesserungsw\u00fcrdig ist hier die Kreuzung mit der Stra\u00dfe von\/nach Schluttenbach. Wir setzen uns f\u00fcr einen Fahrbahnteiler an dieser Kreuzung ein, damit gerade Kinder sicherer \u00fcber die Stra\u00dfe kommen.<\/p>\n\n\n\n<p class=\"wp-block-paragraph\">Ein Dorfladen soll die Grundversorgung mit Waren des t\u00e4glichen Bedarfs in Ettlingenweier sichern. Dazu muss im Ortskern eine geeignete Fl\u00e4che gefunden werden. Die Ausweisung eines Sanierungsgebiets kann eine Anschubfinanzierung erm\u00f6glichen.<\/p>\n\n\n\n<p class=\"wp-block-paragraph\">Altersgerechtes Wohnen ist ein weiteres Entwicklungsziel f\u00fcr Ettlingenweier.<br>In den Gebieten Kernrain (Ettkus) oder Lehen sind daf\u00fcr Fl\u00e4chen zu sichern. Kleine barrierefreie Einheiten oder Alters-WGs sollen dort den Vorzug erhalten vor einem Pflegeheim.<\/p>\n\n\n\n<p class=\"wp-block-paragraph\">Zur Erhaltung der G\u00e4rten und Streuobstwiesen um Ettlingenweier soll das Mauersanierungsprogramm am Robberg auch auf Trockenmauern um Ettlingenweier ausgeweitet werden. Es ist nach M\u00f6glichkeiten zu suchen die Pflege der G\u00e4rten und Obstwiesen Ettlingenweiers zu unterst\u00fctzen.<\/p>\n\n\n\n<p class=\"wp-block-paragraph\">Die Erzeugung erneuerbarer Energien als Beitrag zum Klimaschutz ist uns wichtig. Die D\u00e4cher st\u00e4dtischer Geb\u00e4ude, wie Schule, Kindergarten und B\u00fcrgerhalle, sollen mit Photovoltaikanlagen zur Stromerzeugung genutzt werden.<\/p>\n\n\n\n<h2 class=\"wp-block-heading\">Ihre <span style=\"color: #0000ff;\">fw<\/span><span style=\"color: #ff6600;\">fe<\/span> Ortschaftsr\u00e4te<\/h2>\n\n\n<div class=\"wp-block-image\">\n<figure class=\"alignleft size-full is-resized\"><img loading=\"lazy\" decoding=\"async\" width=\"354\" height=\"494\" src=\"https:\/\/fwfe.de\/wordpress\/wp-content\/uploads\/2024\/08\/Gerhard-Ecker.png\" alt=\"\" class=\"wp-image-1743\" style=\"width:180px\" srcset=\"https:\/\/fwfe.de\/wordpress\/wp-content\/uploads\/2024\/08\/Gerhard-Ecker.png 354w, https:\/\/fwfe.de\/wordpress\/wp-content\/uploads\/2024\/08\/Gerhard-Ecker-215x300.png 215w\" sizes=\"auto, (max-width: 354px) 100vw, 354px\" \/><\/figure>\n<\/div>\n\n\n<p class=\"wp-block-paragraph\"><br>Gerhard Ecker &#8211; Physiker<\/p>\n\n\n\n<p class=\"wp-block-paragraph\"><br><\/p>\n\n\n\n<div style=\"height:10px\" aria-hidden=\"true\" class=\"wp-block-spacer\"><\/div>\n\n\n<div class=\"wp-block-image\">\n<figure class=\"alignleft size-full is-resized\"><img loading=\"lazy\" decoding=\"async\" width=\"354\" height=\"494\" src=\"https:\/\/fwfe.de\/wordpress\/wp-content\/uploads\/2024\/08\/Daniela-Platow.png\" alt=\"\" class=\"wp-image-1741\" style=\"width:180px\" srcset=\"https:\/\/fwfe.de\/wordpress\/wp-content\/uploads\/2024\/08\/Daniela-Platow.png 354w, https:\/\/fwfe.de\/wordpress\/wp-content\/uploads\/2024\/08\/Daniela-Platow-215x300.png 215w\" sizes=\"auto, (max-width: 354px) 100vw, 354px\" \/><\/figure>\n<\/div>\n\n\n<p class=\"wp-block-paragraph\"><br>Dr. Daniela Plathow &#8211; \u00c4rztin<\/p>\n\n\n\n<div style=\"height:10px\" aria-hidden=\"true\" class=\"wp-block-spacer\"><\/div>\n\n\n<div class=\"wp-block-image\">\n<figure class=\"alignleft size-full is-resized\"><img loading=\"lazy\" decoding=\"async\" width=\"354\" height=\"494\" src=\"https:\/\/fwfe.de\/wordpress\/wp-content\/uploads\/2024\/08\/Norbert-Joerger.png\" alt=\"\" class=\"wp-image-1746\" style=\"width:180px\" srcset=\"https:\/\/fwfe.de\/wordpress\/wp-content\/uploads\/2024\/08\/Norbert-Joerger.png 354w, https:\/\/fwfe.de\/wordpress\/wp-content\/uploads\/2024\/08\/Norbert-Joerger-215x300.png 215w\" sizes=\"auto, (max-width: 354px) 100vw, 354px\" \/><\/figure>\n<\/div>\n\n\n<p class=\"wp-block-paragraph\"><br>Norbert J\u00f6rger &#8211; Dipl.-Ing. Maschinenbau BA<\/p>\n\n\n\n<div style=\"height:10px\" aria-hidden=\"true\" class=\"wp-block-spacer\"><\/div>\n\n\n\n<p class=\"wp-block-paragraph\"><a href=\"https:\/\/fwfe.de\/wordpress\/?page_id=105\">&lt;&lt; zur\u00fcck<\/a><\/p>\n","protected":false},"excerpt":{"rendered":"<p>Stadtteil Ettlingenweier Die Schaffung von Wohnungen ist eines unserer Ziele. Zur Gewinnung zus\u00e4tzlichen Wohnraums kann eine St\u00e4dtebauf\u00f6rderungsma\u00dfnahme im Ortskern einen wesentlichen Beitrag leisten. Ungenutzter Wohnraum kann mit Unterst\u00fctzung durch staatliche F\u00f6rderung wiederhergestellt werden. St\u00e4dtebauf\u00f6rderung kann auch zur Sanierung und Verbesserung von Infrastruktur, wie Geh- und Radwegen oder der Schaffung von Einkaufsm\u00f6glichkeiten verwendet werden.Wir fordern daher [&hellip;]<\/p>\n","protected":false},"author":1,"featured_media":0,"parent":0,"menu_order":0,"comment_status":"closed","ping_status":"closed","template":"","meta":{"_crdt_document":"","footnotes":""},"class_list":["post-433","page","type-page","status-publish","hentry","missing-thumbnail"],"_links":{"self":[{"href":"https:\/\/fwfe.de\/wordpress\/wp-json\/wp\/v2\/pages\/433","targetHints":{"allow":["GET"]}}],"collection":[{"href":"https:\/\/fwfe.de\/wordpress\/wp-json\/wp\/v2\/pages"}],"about":[{"href":"https:\/\/fwfe.de\/wordpress\/wp-json\/wp\/v2\/types\/page"}],"author":[{"embeddable":true,"href":"https:\/\/fwfe.de\/wordpress\/wp-json\/wp\/v2\/users\/1"}],"replies":[{"embeddable":true,"href":"https:\/\/fwfe.de\/wordpress\/wp-json\/wp\/v2\/comments?post=433"}],"version-history":[{"count":24,"href":"https:\/\/fwfe.de\/wordpress\/wp-json\/wp\/v2\/pages\/433\/revisions"}],"predecessor-version":[{"id":1806,"href":"https:\/\/fwfe.de\/wordpress\/wp-json\/wp\/v2\/pages\/433\/revisions\/1806"}],"wp:attachment":[{"href":"https:\/\/fwfe.de\/wordpress\/wp-json\/wp\/v2\/media?parent=433"}],"curies":[{"name":"wp","href":"https:\/\/api.w.org\/{rel}","templated":true}]}}